v = 4*x - 0*v - 6760, -2*x + m*v = -3380. What are the prime factors of x?
2, 5, 13
Let a = -44 + 38. Let q be (1 + -76)/(a/8). Suppose 102*s - q*s = 268. What are the prime factors of s?
2, 67
Let z(v) = -15 - 52*v**2 - 1 + 102*v**2 + 7*v - 49*v**2. Let x be z(2). Suppose -x*j - 285 = -4*q - 929, 3*j = -4*q + 926. List the prime factors of j.
2, 157
Let u(m) = 821*m - 80. Let v be u(5). Suppose 450*z - 445*z = v. List the prime factors of z.
5, 7, 23
Let u = -34 - 22. List the prime factors of (32/u)/((-4)/1876).
2, 67
Suppose -3*l - 12043 = 2*z - 0*l, 30076 = -5*z + 3*l. Let s = -8797 - z. List the prime factors of ((-6)/8)/1 + s/(-80).
2, 17
Let h(t) = 183*t - 23. Let a(q) = 2. Let p(d) = 2*a(d) + h(d). List the prime factors of p(2).
347
Suppose -2*b - 5*v = 2*b + 5, -4*b - 4*v = 4. Suppose -4*d + 0*f + f + 922 = b, 5*d = f + 1153. Let q = d + -72. What are the prime factors of q?
3, 53
Suppose 165 = -2*s + 5*s + 3*h, -2*s + 113 = 3*h. Suppose 2*k + 16 = 3*m + s, 5*k = 5*m + 65. What are the prime factors of ((-227)/1)/(-11 - m)?
227
Let z(q) = 7*q**3 + 2*q**2 - 10. Let b(v) = 5*v**2 - 16*v + 15. Let x be b(1). List the prime factors of z(x).
2, 5, 47
Let f be ((-4)/6)/(4/(-2346)). Let d = 549 - f. What are the prime factors of d?
2, 79
Let c be 0 - 0 - (7 + -11). Suppose -3*i + 205 = -4*k, -i + c*k + 14 = -65. Let f = i + 14. List the prime factors of f.
7, 11
Suppose 2*n - 5*i - 27 = 0, 2*n - 35 = -0*n - 3*i. Suppose -4 = 4*s, -3*l = -2*l - 4*s - n. Suppose 11*v = l*v - 20. What are the prime factors of v?
2, 5
Let t = 4292 + -4113. What are the prime factors of t?
179
Let l = 120 + -132. List the prime factors of (18/(-24))/(l/2224).
139
Let s(g) = -g**3 + 9*g**2 + 9*g + 11. Let z be s(10). Let t be 3 + (z + 6/(-8))*-4. Let m(k) = 75*k**2 + 3*k - 8. List the prime factors of m(t).
2, 149
Let a(q) be the second derivative of 37*q**3/6 - 25*q**2 + 28*q. Let z be a(9). Suppose 2*n - 221 = z. What are the prime factors of n?
2, 3, 7
Let w be 933/39 + (-1)/(-13). Let x be (-2 + 1)/1 - 0. Let i = w - x. List the prime factors of i.
5
List the prime factors of 2/((-243612)/(-40599) + -6).
13, 347
Let s = -486 + 843. Suppose -2960 = -5*l + 2*y, -3*y + 932 = l + s. What are the prime factors of l?
2, 5, 59
Let s = -101 + 80. Let w be 12/(-42) + (-1119)/s. Let z = w + -29. What are the prime factors of z?
2, 3
Let t(w) = 27*w**2 + 2*w - 2. Suppose -4*s = 191 + 9. Let l = 52 + s. List the prime factors of t(l).
2, 5, 11
What are the prime factors of (80/25)/4 - (-17037)/135?
127
Let m = -17605 - -30953. List the prime factors of m.
2, 47, 71
Suppose -v + 47 - 48 = 0. Let p(d) = -20*d**2 - d + 1. Let h be p(v). List the prime factors of (h/27)/((-2)/174).
2, 29
Let f = -8699 - -15817. List the prime factors of f.
2, 3559
Let x(k) = 32*k**3 - k**2 + 3*k - 6. Let v = 13 + -11. Let w be x(v). Let b = 2 + w. List the prime factors of b.
2, 127
Let v(q) = 3*q**3 - 188*q**2 - 47*q - 114. What are the prime factors of v(64)?
2, 19, 349
Let c = 88257 - 47615. List the prime factors of c.
2, 7, 2903
Let l(q) = -862*q**2 + 9*q + 3. Let a(n) = 1724*n**2 - 17*n - 5. Let x(o) = 6*a(o) + 11*l(o). List the prime factors of x(1).
2, 431
Suppose -2111019 = 279*v - 6752742. What are the prime factors of v?
127, 131
Let g(q) = -q**3 - 8*q**2 + 11*q + 20. Let p be g(-9). Suppose c = p*t - 10, 5*c - 4*t + 18 = -2. List the prime factors of 95 + ((-7)/((-28)/16) - c).
3, 11
Let g be -5 + 8 - (0 - 2)*6. Suppose -g*y - 20 = 10. List the prime factors of (-3)/(5 + y) + 180.
179
Let b(c) = -25*c + 2014. Let v be b(80). Let h(y) = -y**2 - 4*y - 3. Let n be h(-2). List the prime factors of n*-2*(-33 + v).
2, 19
Suppose -c - 9*k + 6*k + 8412 = 0, -3*c = -2*k - 25258. List the prime factors of c.
2, 3, 23, 61
Suppose 10*k + 14*k - 1560 = 0. What are the prime factors of 435/(-6)*(-26)/k?
29
Suppose -223355 - 6957637 = -168*w. List the prime factors of w.
2, 3, 13, 137
What are the prime factors of (-55787)/(-1) + (-24 - -15) + 1?
3, 18593
Let g be (-6)/21 - (-1156)/28. Let n = g - 42. What are the prime factors of ((-1)/(-2))/(n/(-86))?
43
Let q(u) = -2*u**3 - 6*u**2 + 5*u + 19. Let k be q(-3). Suppose 0 = -2*b - 5*y + 427, 3*y - k*y - 598 = -3*b. What are the prime factors of b?
3, 67
Suppose 2*l - 6*l = -2*h - 16, h + 12 = 3*l. Suppose h = -v - 4*f + 18 - 6, 0 = 2*v + 3*f - 9. Suppose v = w - 3*w + 506. List the prime factors of w.
11, 23
Let x(a) = a**2 + 6*a - 10. Let u be x(-8). What are the prime factors of (-413 - u/(-3))/(21/(-14))?
2, 137
List the prime factors of 6/(36/81242) - (6 - 10)/(-12).
2, 5, 677
Let v = -489 + 1400. Let p = v + -498. List the prime factors of p.
7, 59
Let v(d) = 112*d**3 + 4*d**2 - 13*d + 33. Let g be v(4). Suppose 4*z - c = 5144, -g + 783 = -5*z - 4*c. What are the prime factors of z?
2, 643
Suppose -17 = -4*d - 1. Suppose -5*j = w - 477, -3*w + d*j + 441 = -2*w. What are the prime factors of w?
457
Suppose -54*w + 269028 = -0*w. List the prime factors of w.
2, 47, 53
Let k be (-100)/3*5*18/60. Let i = 118 + k. Suppose 56 - i = -6*b. What are the prime factors of b?
2
Suppose 6*c - 218 + 14 = 0. Suppose -8074 = c*q - 45*q. List the prime factors of q.
2, 367
Let z(u) = 0*u**3 + u**3 - 12207*u + 7 - 5*u**2 + 12164*u. What are the prime factors of z(11)?
2, 5, 13
Suppose 36*h - 158 = 130. Suppose h*v - 2678 - 6194 = 0. What are the prime factors of v?
1109
Let v = -42 - -30. What are the prime factors of 2/v*-2 - (-14516)/57?
3, 5, 17
Let f = -287 + 6191. What are the prime factors of f?
2, 3, 41
Suppose -2*m + 29 = -5*h, m - 8 - 19 = 5*h. Suppose -m*z + 209 = -3*k, -4*z + 2*k = k - 443. List the prime factors of z.
2, 7
Let c(y) = -2*y**3 + 168*y**2 + 14*y + 22. What are the prime factors of c(10)?
2, 7481
Let x = -10230 - -11440. What are the prime factors of x?
2, 5, 11
Suppose 6 = 3*l, -l - 59626 = -5*o + 3512. List the prime factors of o.
2, 7, 11, 41
Let d(h) = -308*h**3 + 2*h - 1. Let t be d(1). Let z = -138 - t. Let l = -67 + z. What are the prime factors of l?
2, 3, 17
Suppose 0 = -5*o - 10 + 20. Suppose 2*x + 2*h = -0*h + 648, o*h - 1626 = -5*x. List the prime factors of x.
2, 163
Let h(b) = -b**3 + 42*b**2 + 16*b - 4. Let x = -472 - -514. What are the prime factors of h(x)?
2, 167
Let s(i) = i**3 + 2*i**2 - 5*i + 8. Let l be s(-4). What are the prime factors of -6*l/(-6) - (-2 - 594)?
2, 37
Let c = -23838 - -34417. What are the prime factors of c?
71, 149
Let b(p) = p + 12. Let w be b(7). Let h(g) = 19*g + 30. What are the prime factors of h(w)?
17, 23
Let x be (-4)/((-56)/(-12) - 6). Suppose -2*b - 1095 = 3*t - 4*t, 0 = -b - x. What are the prime factors of t?
3, 11
Let g be (-1780)/6*252/105. Let r = 1504 + g. List the prime factors of r.
2, 3, 11
Let v be (-54)/36*(-1 - 5/3). Suppose -v*f + 2034 = 5*f. Suppose -1131 = -5*c - f. List the prime factors of c.
181
Suppose 1650 = -4*k + 7*k. Let g = k - 245. Let j = g + -179. List the prime factors of j.
2, 3, 7
Let i(u) = -48*u - 1532. Let y(l) = -7*l - 219. Let f(w) = -6*i(w) + 44*y(w). What are the prime factors of f(-48)?
2, 3, 43
Suppose -23*p + 18*p + 5*w + 88590 = 0, -3*p - 5*w + 53154 = 0. What are the prime factors of p?
2, 3, 2953
List the prime factors of 2/7 - 76188276/(-2268).
7, 4799
Let y = 52408 + -37984. What are the prime factors of y?
2, 3, 601
Let b = -364 + 362. What are the prime factors of 568/(-10)*(b - (-22)/(-4))?
2, 3, 71
Suppose 0 = -25*n + 15*n + 30. Suppose 3*t + 294 = 2*m - m, -4*m + 1221 = -n*t. What are the prime factors of m?
3, 103
Let p(t) be the second derivative of 3*t**5/20 - 7*t**4/12 - t**3/6 + 7*t**2 + 2*t - 54. What are the prime factors of p(7)?
3, 7, 11
Let i(n) = 20*n**2 + 6*n + 2. Let q be i(-1). Let k(a) = 5*a**2 + 7*a + 21. What are the prime factors of k(q)?
3, 157
Let b(t) = -3*t - 27. Let d be b(-4). Let z be d/(4 + 55/(-10)). Suppose 9*c - 190 = -z. What are the prime factors of c?
2, 5
Let d = 2304 - 2216. What are the prime factors of d?
2, 11
Suppose 2*d + 39 = 5*x, -7*x = -5*x + 4*d - 30. Suppose 1740 = 3*g + x*g. What are the prime factors of g?
5, 29
Let v = 164062 - 115482. List the prime factors of v.
2, 5, 7, 347
Let u(q) = -394*q - 842. List the prime factors of u(-25).
2, 563
Let x = 28 - 23. Let n be 10/(x + -2 + -1)